What is 18751 - 18768 - ((3 - 1) + -28)?
9
Evaluate 41 - (-12 - (-7 + -7 - -9) - -4).
44
Evaluate 74 + (-10 - 52 - 18).
-6
What is 3 - -51 - (23 + (2 + -14 - (143 - 141)))?
45
(9 + 1 - -1) + (35 - 46) - 4
-4
What is -23 - (26 - 26 - 41)?
18
-6 + 52 + -108 + 85
23
What is the value of (2 - 110 - (-523 - -564)) + 32?
-117
0 - (146 + -47 + (-13 - (-9 + -16)))
-111
What is the value of -24 - (-3 + (-5 - 4) - -47)?
-59
-25 - (48 + -155 + 54)
28
Evaluate 12 - ((-58 - -8) + 0 - 15) - -6.
83
What is the value of -7 + (12 - 2 - (-48 + 64 + -22))?
9
(-3 - -37) + (-103 - -150 - 33)
48
What is the value of -10 + 12 + (44 - (-38 - -15))?
69
What is the value of -361 + 298 + 60 + (2 - 1 - 1 - 29)?
-32
What is the value of (-2 - 4 - 3) + (13 + 12 + -15 - 5)?
-4
What is the value of (-29 - (7 + 9 + 4)) + -11 + 2 + -9?
-67
Calculate 80 + -156 + 79 - (-1 - -4 - -12).
-12
Calculate (-278 - -255) + (-4 + 24 - 8).
-11
What is (63 - 57) + (3 - 2) + -124 - 2?
-119
What is -254 - -231 - (-80 - -5)?
52
What is (36 - (2 - ((-3 - 7) + 8))) + -8 + 13?
37
Evaluate (20 + -8 - 9) + (3 - -15) + -11.
10
What is -7 - 13 - (-18 - (-56 + 141))?
83
Calculate 90 - (1 + (42 + -7 - 24)).
78
Calculate -11 - (-11 - 8) - (-119 - (-15 + 7) - 1).
120
Evaluate -100 - -68 - (-36 + -20).
24
What is the value of 4 + -36 + 74 + -61?
-19
What is (-2 - 0 - 0 - -16 - (862 + -849)) + -67?
-66
(1 - 42) + 1101 + -1143
-83
What is the value of 122 + 22 + 13 + -106?
51
(13 + -43 - 9) + -8
-47
Evaluate (-222 - (-258 + 22)) + (1 - 0) + 2 + 0.
17
Calculate -10 + 68 + -60 - 6.
-8
What is (-261 - -144) + 114 - (-1 - -1 - -1)?
-4
Calculate (-10 + 15 - -6 - 29) + 16.
-2
What is the value of 26 + -2 + (-264 - -227)?
-13
Evaluate 13 - (-98 + 41 + 51).
19
What is the value of 569 + -579 - ((-1 - 4) + -47)?
42
Calculate -25 - (42 + 72 + -60).
-79
What is (-8 - -24 - 76) + -8 - -23?
-45
Evaluate (1 - 3) + 518 + -531 - 14.
-29
Evaluate 31 - ((-23 + 46 - 43) + 20).
31
(13 - 1) + (21 - 28) + -3 + 16
18
(-72 - -52) + 47 - (68 - -5)
-46
What is -51 + 33 + -7 + -14 + -3 + -14?
-56
What is the value of (4583 - 4585) + ((44 - 0) + -1 - -1) - 9?
33
What is 78 + (-282 - (-70 - 19))?
-115
(136 - -4) + (-375 - -224)
-11
What is (28 - (-29 + 31)) + (91 - -6)?
123
(3 - (-10 - -4)) + 64 + 7 + 8 + -8
80
Calculate (1 - 0) + (-27 + -48 - -22 - (-21 + 1)).
-32
Calculate (1 - 5) + 9 + (48 - 3) - (-10 - 0).
60
What is 7 - (-103 + 101 + 38)?
-29
What is the value of -22 + (164 + -171 - (3 + -25)) + -1 + 46?
38
What is 307 - 434 - (8 + -7 + (4 - 2))?
-130
What is the value of -3 - (11 - ((-12 - -12) + 9)) - 6?
-11
Evaluate -10 + (2 - (-143 + 138 - (20 - -1))).
18
What is the value of (-72 - (-102 - -19)) + 11?
22
(10 - (-10 - (11 - ((8 - -40) + -5)))) + 43
31
5 + -26 + -8 + -11
-40
What is the value of 12 + 8 - (-34 + 31 + -10)?
33
Calculate 75 - (-3 - (-18 - 45)).
15
What is the value of 23 + (3 - 7) - (45 - (-17 - -5))?
-38
What is the value of (1 - 19) + -10 + (8 - 2 - 12 - -16)?
-18
What is the value of -68 - (-39 + 50 + -53)?
-26
What is the value of 3 + (-1 - (-40 + 1)) - (-8662 + 8644)?
59
(-2 - -47) + (1 - 0) + (-724 - -712)
34
What is -94 + -100 - -190 - (-2 + -1)?
-1
Evaluate 12 - (3 - ((-14 - -5 - -11) + -12)).
-1
What is 69 + (-12 - 7) + 5?
55
(-6 - (-12 + -7)) + -27 - -82 - 9
59
Evaluate (-15 - -17) + (1 - 1) + 83 + 5.
90
25 + -45 + -6 + 68
42
What is the value of -96 + 40 - -26 - 24?
-54
What is 2 + -3 + (-78 - (-13 + 0)) + 4?
-62
(21 - 12 - ((2 - -64) + 3)) + 11 + -4
-53
Calculate (138 - (50 + -51)) + -6 - (1 + 8 + 2).
122
(-207 - (2 - -1)) + 40 + 46
-124
Evaluate -24 - (-6 - -62 - (-25 - (-53 - -15))).
-67
Evaluate 88 + 1 + (-2583 - -2550).
56
Calculate 9 + 2 + -4 - (-783 - -744).
46
4540 - 4466 - (-1 - -73)
2
What is the value of -32 + 26 + 0 + -407 + 508?
95
Evaluate -8 - 19 - (3 + -12 + -108).
90
7 - 2 - 0 - (19 - (4 - -24 - 10))
4
Calculate (-4 - 14) + 66 + (-4 - 5).
39
(2 - 1) + -12 + -24 - (0 - 6)
-29
What is the value of (-106 - -104 - (-36 - 1)) + -40?
-5
-11 + 1 + (-153 - -166) - (1 + -6 + 5)
3
0 - (0 - -1) - (-2 + -10 - (518 + -542))
-13
Evaluate (-2 - 1 - 8) + -113 + 41 + 68.
-15
What is -305 + 335 - (-7 - (9 + -8))?
38
-148 - (-1436 - -1409 - (-14 + -1))
-136
What is 84 + -84 + 17 + -60?
-43
What is the value of -106 - ((151 - 103) + -66)?
-88
What is -30 - -41 - (33 + (6 - 11) - -1 - 6)?
-12
Evaluate 13 + 12 - -23 - 51.
-3
Evaluate (-5 - (4 + -5 + 0)) + (47 - 4).
39
What is the value of 102 + 6 - (68 + -45) - (3 + 0 + -11)?
93
Calculate -11 - ((1 - 0) + (-588 - -575)).
1
What is the value of 5 + -8 + -18 + 25 + -32?
-28
-31 - ((-97 - -15) + 46)
5
Evaluate (-10 - (-12 - 28)) + -2 - -12.
40
-90 - (-33 + 38 - 18 - -40)
-117
What is -74 - -99 - (-6 + -19) - 21?
29
Evaluate 82 + -21 - 24 - 5.
32
What is the value of 6 + -7 + -21 + -25 + 6?
-41
Calculate (-20 - (34 - 43) - (44 - 2)) + -18.
-71
10 - ((-17 - -58) + -27) - (-11 - -1)
6
24 + 7 + -50 + 24
5
Calculate 140 - (22 - -11) - 2.
105
Calculate (9 - (-16 + 11)) + -14 + 54.
54
What is the value of -43 + (175 - 99 - 91)?
-58
Evaluate 11 + -1 + (-1 + -11 - (-251 + 267)) + 5.
-13
What is (-26 - -26 - (-1 + 2)) + 5 - 115?
-111
What is 0 - 2 - (-214 - 31 - -159)?
84
What is -65 - (-2 + 4) - (2 - 5 - (-36 - -32))?
-68
What is the value of (6 - -175) + (-18 + 14 - 30)?
147
What is (12 - (0 - (-1 - -6))) + -77 + 93?
33
Calculate -168 + 63 + (-11 - ((7 - 2) + -4)).
-117
Evaluate 8 - (-25 + (-5 + 86 - -7)).
-55
Evaluate -49 + 2 + 12881 + -12780.
54
-18 + 33 + (11 - 53 - 6)
-33
Evaluate 253 - (139 - 79) - 101.
92
(134 + -236 - -145) + -56
-13
What is the value of -1 + 38 + -41 + (4 - 4) + -10 - -11?
-3
Calculate 1 - 2 - -40 - (-6145 - -6165).
19
What is the value of (5 - -16 - (-6 + -1 + 13)) + (10 - 2)?
23
Evaluate 11 - ((6 - 0) + 13) - -10 - (8 - 20).
14
Evaluate (44 - 105) + 93 + -70.
-38
21 + (40 - 19) + -8 + (0 - -7 - 5)
36
-41 - (-50 - 35 - -148)
-104
Evaluate 22 - -6 - (-66 + -42 + -14).
150
Calculate 3 + -12 + 10 + -11 + -43 + 46.
-7
What is the value of 13 + (0 - (-34 + (16 - -2)))?
29
Evaluate -115 + -82 + 97 + -16.
-116
Evaluate (86 - 65) + -76 + 1 - -14.
-40
Calculate 1 + (-25 + 62 - 26) + -3.
9
Calculate -40 + (55 - 19) - -34 - -67.
97
What is 81 - (26 + -15 + -16) - -17?
103
What is the value of 18 - (-16 + (111 - (8 - (20 + -20))))?
-69
Evaluate -22 + 58 - (-19 + 18 + -3).
40
What is (-26 + 27 - (-1 - 11)) + (-7 - -18)?
24
-37 - -28 - 14 - (-10 - (7 - 13) - 11)
-8
What is the value of 67 + -198 - -154 - (-13 + 2 + -3)?
37
What is -56 + -1 + (1 + -1 + -6 + -15 - -17)?
-61
What is the value of (11 - 0) + -19 + 58 + -43 - 35?
-28
14 - (13 - (-9 - (-21 + 43)))
-30
What is the value of (-1 - -3) + 115 + 95 + -72?
140
(-92 - -33) + 90 + -31
0
-54 + -3 - (11 + -5 - 9) - 5
-59
What is (-7 - (-4 - (-14 + 7))) + (-44 - (10 + 9))?
-73
Calculate 94 - ((-19 + 64 - 28) + -3).
80
What is (107 - (21 - -35)) + -86?
-35
What is the value of (-3 - (-9 - -9 - 7 - -4)) + 29?
29
Evaluate -51 - ((-24 - 16) + -3).
-8
Evaluate -235 + -307 + 565 + -1 + 68.
90
Calculate (-54 - -21) + -34 + 37.
-30
Evaluate -91 + (9 - -14) + (-1 - 11) - (2 - -8).
-90
What is -2 + -5 + 7 + 6 + -19 - -6?
-7
Calculate (-1 - (6 + (-13 - -11 - 20))) + 12.
27
-1 + 3 - (8 + -3) - (1242 + -1224)
-21
What is the value of 11 + (-2 - 6) + 16 + 3 + -2?
20
What is (-14 - 2) + (136 - -110) + -146?
84
(300 - 327) + (19 - 39)
-47
What is -4 + (2 - 114) - (-33 + (-58 - -39 - -52))?
-116
Evaluate 14 + (101 + -169 - -184).
130
What is the value of -19 + (36 - (-12 + 7))?
22
Evaluate (-10 - (-15 + 23 + -38)) + -96.
-76
Evaluate (1 + -3 - 13) + 22 + 5.
12
-1 + 104 - (-11 + 12) - (3 + (-5 - 3))
107
(-105 - (72 + -150)) + 109
82
Evaluate 166 - 167 - (-1 + 5).
-5
What is the value of 10 + -6 + (33 - (-29 - -32))?
34
What is the value of -13 + (3 - 3) - (-9 - 79 - -129)?
-54
Evaluate 10 + ((-4 - -2) + -1 + 58 - (-7068 - -7076)).
57
What is the value of 42 + -6 + -48 + 11?
-1
What is the value of -60 + 102 + (-16 - -2)?
28
Calculate 57 + (13 - 46 - (14 - 14)).
24
-6810 + 6851 - (49 + 2)
-10
194 - 127 - (-42 - -85)
24
Evaluate 9 - (14 - 3 - (-8 - 0)) - -4.
-6
Calculate (-1033 - -1124) + (-54 - -1).
38
What is 1 + (-6 - -4) - (-12 - (11 - 13)) - 37?
-28
-1 + -122 - (-27 + 47 + -19 - 2 - -4)
-126
What is the value of -7 - (